*j - 28. Let k(q) = -3*n(q) - 5*v(q). Let u be k(8). What are the prime factors of (u/8)/7*58?
29
Let q be ((-6 + 1)/5)/1. Let a(x) be the first derivative of 16*x**3 + 3*x**2/2 + x + 2. What are the prime factors of a(q)?
2, 23
Let b be 5 - -1 - 1 - 1. Suppose 1368 = b*v - 6*q + 11*q, -2*v = -q - 670. List the prime factors of v.
337
Let d = -9 + 13. Let r be (1 + -1)/(-2) + 2. Suppose -c + 130 = 5*s, r*c = -d*s + 7*c + 104. What are the prime factors of s?
2, 13
What are the prime factors of (-39)/6*(-1897822)/299?
41257
Let g = -43 + 52. Let i be 9/(-6)*6/g*0. Suppose 5*y + 4*s - 415 = 0, 2*y + i*s = 3*s + 189. What are the prime factors of y?
3, 29
Let y = -1919 - -741. Let f = y - -1956. List the prime factors of f.
2, 389
Suppose -3 = -0*s + s. Let l(a) = 2*a**3 - 22*a**2 + 3*a - 8. Let g be l(11). What are the prime factors of ((-90)/g - s) + (-276)/(-10)?
3
Suppose 15*l = -13*l + 8820. Let d = l + 1227. What are the prime factors of d?
2, 3, 257
Suppose 5*b + q - 269 = 0, -q + 85 = 3*b - 78. Let r = 53 - b. Suppose p + 2*k + k - 110 = r, -p = -k - 130. List the prime factors of p.
5
Let p(m) = m**3 + 91*m**2 + 1309*m - 107. List the prime factors of p(-60).
31, 1063
Suppose 4*d + 1 = -7, -5*r - 3*d + 69 = 0. Let s be -2 + 3 + (6 - -69). Suppose -4*x - s = -4*w - 16, r = w + 5*x. List the prime factors of w.
3, 5
Suppose -z + 3191 - 808 = -2*s, -s - 9567 = -4*z. Suppose -6*k - z = -9209. List the prime factors of -1 - k/(-10) - 6/10.
2, 7
Suppose -19 = -0*q - 3*q + j, -4*j = -4*q + 12. Let b be (-4)/q*(0/4)/1. Suppose 11*r - 4*r - 812 = b. What are the prime factors of r?
2, 29
Let q be ((-15)/(-10))/(2/36). Let p be -2*(6/q + 78/(-108)). List the prime factors of ((-160)/48)/(p/(-36)).
2, 3, 5
Suppose -70*j + 167076 = -18*j. Let s = -2160 + j. List the prime factors of s.
3, 13
Suppose -18*n - 133*n = 176509 - 1097156. List the prime factors of n.
7, 13, 67
Suppose 5*l + 4 = 19. Suppose -28 + 25 = -l*k. List the prime factors of (-6)/(-12)*202*(k - 0).
101
Let a = 3569 - 3232. What are the prime factors of a?
337
Suppose 6410 = -15*c + 184730. List the prime factors of c.
2, 743
Let d be (1/(-2))/((-5 - -2)/(-24)). Let r be d/(-6)*(-279)/(-6). Suppose -4*p - 31 = -s - 5*p, 0 = -s - 2*p + r. List the prime factors of s.
31
What are the prime factors of 120/(-260)*(-10 - 3) + 1238*7?
2, 271
Suppose 0*j - 1144 = -j. Suppose -51*i = -47*i - j. What are the prime factors of i?
2, 11, 13
Let x(r) = 10*r + 62. Let m be x(-27). List the prime factors of 9/((-9)/m) - -2.
2, 3, 5, 7
Let r = 27 - -9. Suppose r = 4*d + 5*w, 3*d - 5 = -3*w + 19. Suppose 5*f = 5*k - 145, -7 = -d*f - 15. What are the prime factors of k?
3
Suppose 45*x - 108258 - 300600 = 86817. List the prime factors of x.
5, 2203
Let j(r) = 389*r**2 - 85*r - 313. What are the prime factors of j(11)?
45821
Suppose 3*m + 2305 + 1085 = 0. Let c = m + 2114. What are the prime factors of c?
2, 3, 41
Let w(a) = 2*a**3 + 7*a**2 + 3*a + 30. Let m be w(8). List the prime factors of (m/70)/(1/10).
2, 109
Let v = 6984 - 2069. List the prime factors of v.
5, 983
Let w = 54 + -54. Suppose -2*o = d - 5*d + 2076, d + 2*o - 524 = w. Let p = -337 + d. What are the prime factors of p?
3, 61
Let n = -5247 + 10448. What are the prime factors of n?
7, 743
Let v be 33/7 + -5 + (-4588)/14. Let j = -161 - v. What are the prime factors of j?
167
Let y = 16597 + -13519. List the prime factors of y.
2, 3, 19
Suppose -3*j - 89 = -176. Suppose -b - j = -3*x - 419, -1122 = -3*b - 3*x. List the prime factors of b.
2, 3, 7
Suppose 0 = 38*p + 93*p - 1107474. List the prime factors of p.
2, 3, 1409
Suppose 37*j + 56*j = 2126586 - 198045. What are the prime factors of j?
89, 233
Let q be ((-1)/3)/(23/(-2139)). Let r = q - -358. What are the prime factors of r?
389
Suppose -5*m = -0*m - 15, -3*m + 5057 = -4*d. Let s = -638 - d. List the prime factors of s.
2, 3, 13
Suppose -2*a = -4*a - 3*g + 933, -2*a = 2*g - 936. Let v = -667 + a. Let p = v - -365. What are the prime factors of p?
13
Let d(c) = c**3 + c**2 - 2*c + 9. Let h(p) = p - 1. Let m(b) = -d(b) + h(b). Suppose 0 = 2*g - 4*s + 24, -g + 4*g + 5*s + 3 = 0. List the prime factors of m(g).
2, 19
Let c(h) = -85*h - 1601. Let j be c(-16). Let p = 1182 + -763. Let i = j + p. List the prime factors of i.
2, 89
Suppose 2*h = -13*h. Suppose -2*n + 3*i + 1407 = h, 5*i = -6 + 31. List the prime factors of n.
3, 79
Let m = -274 + 611. Suppose v - m = -14. What are the prime factors of v?
17, 19
Let r(b) = 10*b - 98. Let p be r(10). What are the prime factors of -48*(126/(-12) - p)?
2, 3, 5
Let l(r) = -1261*r + 616. What are the prime factors of l(-21)?
7, 79
Let w be (320/(-384))/(2/(-12)*1). Let i be -218 - 1/(w/20). Let h = 325 + i. List the prime factors of h.
103
Let t = 45789 - 12126. What are the prime factors of t?
3, 7, 229
Suppose 142 = 4*z - 3422. What are the prime factors of -1 + z + (-30)/15?
2, 3, 37
Suppose -j - y = -21, -2*y + 6 = j - 4*y. List the prime factors of 16576/j*9/12.
3, 7, 37
Let s = 34602 + -18848. List the prime factors of s.
2, 7877
Let w(m) = -2152*m**3 + 2*m**2 + 11*m + 11. List the prime factors of w(-1).
2, 3, 359
Suppose -232*c + 233*c = 162. Suppose -5*g = k - 236, -2*k = -4*g - c - 338. What are the prime factors of k?
2, 3, 41
Suppose 3*j - 3999 = -4*b, 3*j - 4020 = -0*j + 3*b. Suppose 0 = -2*c + 455 + j. List the prime factors of c.
2, 7
List the prime factors of (-6 - 4)/10*-14354.
2, 7177
Suppose 6 - 30 = -2*z + 5*j, 0 = 2*z + 5*j + 16. Let y(n) be the second derivative of n**5/2 - n**3/3 - 2*n**2 - 16*n - 26. List the prime factors of y(z).
2, 3
List the prime factors of (12/5)/(27/145170).
2, 1613
Let b(u) = 219*u**3 - 2*u + 1. Let r be b(1). Suppose -3*w + 6*w = -4*s - 252, w = -s - 84. Let h = w + r. List the prime factors of h.
2, 67
Let g = 72232 - 23941. List the prime factors of g.
3, 16097
Let c(r) = 17 + 11 + 81*r - 84*r. Let d be c(9). List the prime factors of d + 55 + -1 - 3.
2, 13
Suppose 395763 + 195774 = 23*z. What are the prime factors of z?
3, 8573
Let c(v) = 2*v + 24. Let d be c(-11). Suppose 0 = -d*h - 205 + 559. Let k = -75 + h. List the prime factors of k.
2, 3, 17
Let x(k) be the second derivative of -k**5/20 + 31*k**4/12 - 22*k**3/3 + 2*k**2 + 3*k + 5. What are the prime factors of x(29)?
2, 5, 41
Let p = -86 + -55. Let c be 3/((-54)/4) + p/(-27). Suppose 4*f - 26 = w + 342, -c*w + 276 = 3*f. What are the prime factors of f?
2, 23
Suppose 487*w = 522*w - 376320. What are the prime factors of w?
2, 3, 7
List the prime factors of 30068/(1 + 3)*1.
7517
Suppose 4*d = -d + 635. Suppose 87*f - 79*f + 352 = 0. Let z = d + f. List the prime factors of z.
83
Let o = -58 - -95. Let v = 40 - o. Suppose -h + 34 = v*y, 4 + 5 = y - 2*h. List the prime factors of y.
11
Let h(g) = -2*g - 13. Let k be h(-6). Let p be 4/k - (61 + 16). List the prime factors of -1 - p - -4 - 4.
2, 5
Let v = 3838 - -1283. What are the prime factors of v?
3, 569
Let j = -66 + 66. Suppose j = 4*l - 1173 + 353. List the prime factors of l.
5, 41
Let c be ((-2)/3)/(3/(-27)*3). Let q be (-1 - -7) + (c - 5) + 2. Suppose -q*n + 48 = -12. List the prime factors of n.
2, 3
Let c(b) = 37*b**3 + 2*b**2 - 4*b + 3. Let x be c(1). What are the prime factors of x/(-3)*-50 + 97/(-291)?
3, 211
Suppose -14637*k + 14625*k = -132072. What are the prime factors of k?
2, 5503
Let o(x) = 1602*x + 3. Let h be o(1). Suppose 7*r = 22*r - h. Let c = 271 - r. List the prime factors of c.
2, 41
List the prime factors of 11/((-165)/(-80))*((-6815)/(-4) + 1).
2, 2273
Let f(a) = 2*a**2 + 14*a + 12. Let m be f(-7). Suppose -3795 = -m*y - 1035. List the prime factors of y.
2, 5, 23
Let l = 42167 + 4872. List the prime factors of l.
17, 2767
Suppose -37*p = 55*p - 1856192. List the prime factors of p.
2, 13, 97
Suppose 241 = 3*y - 0*l - 5*l, -298 = -4*y - 5*l. Suppose 0*f + f = -y. Let w = f + 180. What are the prime factors of w?
103
Suppose 2*m + 2*i - 404 = -0*m, -574 = -3*m + 5*i. Let h = 280 - m. What are the prime factors of h?
2, 41
Let x = 26213 - 14475. List the prime factors of x.
2, 5869
Suppose 4*y - 2*u = 14, -3*y - 2*y + 34 = 3*u. Suppose 5*p = 2*l + 29, 0 = -5*l + 7*p - y*p - 20. What are the prime factors of -4*(185/(-20) - l)?
29
Let n(g) = -g + 21. Suppose